nd v.
12
Suppose -233 = -5*a + 2. Let t be (-3 - -3) + -2 + a. What is the highest common factor of 15 and t?
15
Let d(a) = 5 - 7*a + 0 - a**2 - 2 - 2. Let q be d(-7). Calculate the greatest common factor of 2 and q.
1
Let o be ((-1)/3)/(2/36*-1). Calculate the highest common factor of o and 66.
6
Let t(c) = 2*c**2 + 4*c + 2. Let q be t(-4). Let b = 19 - q. What is the greatest common factor of 1 and b?
1
Suppose -5*j + 1187 = -t, 4*j - 2*t + 482 = 6*j. Calculate the highest common divisor of j and 14.
14
Let g = 8 - 2. What is the highest common divisor of g and 30?
6
Suppose -30 = -3*f - 3*r, 4*r = 8*f - 3*f - 50. Suppose 0*n - 19 = n. Let i = -9 - n. What is the greatest common divisor of i and f?
10
Suppose -4*j = x + 5, -2*x - j - 5 = -2. Let a = 8 + x. Suppose 224 = 6*c - 2*c. Calculate the greatest common factor of a and c.
7
Suppose t - 2*d = 18, t + 3*d = d - 2. Let f be -2 + 0/(-1) + t. What is the greatest common factor of f and 30?
6
Let k = 31059 + -21276. Let p be k/99 + (-4)/(-22). What is the greatest common divisor of p and 9?
9
Let q(c) = -3*c - 29. Let t be q(-15). What is the greatest common divisor of 128 and t?
16
Let k = 76 - 28. Calculate the highest common divisor of 6 and k.
6
Suppose -58 + 163 = 3*a. Let t be a/(-2)*24/(-15). Calculate the highest common divisor of 14 and t.
14
Let t(q) = -q**3 - 3*q**2 + 4. Let f be t(-3). Suppose 0 = f*o - 147 - 417. Let k = o - 101. Calculate the greatest common factor of k and 5.
5
Let h = 6 + -1. Suppose h*f - g + 5 = -6*g, 0 = 3*f - g - 13. Calculate the highest common factor of 24 and f.
3
Suppose -2*p = 4 - 20. Suppose -p = -5*q + 217. What is the greatest common factor of q and 18?
9
Let f = 10 + 2. Calculate the greatest common divisor of 132 and f.
12
Suppose 5*j - u = 18, 5*u = 5*j - 11 + 1. What is the highest common factor of 32 and j?
4
Let b = 211 - 203. What is the highest common divisor of b and 64?
8
Suppose 2*j - u + 2*u = 8, 0 = 3*j + 4*u - 2. Let x = j - 11. Let b = x - -12. Calculate the greatest common factor of 28 and b.
7
Suppose 16 - 64 = -4*w. What is the highest common factor of w and 18?
6
Suppose -m + 3*f = -174, 3*m - 611 + 65 = -3*f. What is the greatest common factor of 20 and m?
20
Let r(i) = 11*i + 9*i**2 - 5*i**2 - 3*i**2 - 3. Let o be r(-16). What is the highest common divisor of o and 7?
7
Let o be (12/9)/((-1)/3). Let b(s) = -10*s**3 + s - 1. Let q be b(1). Let l = o - q. What is the greatest common factor of 9 and l?
3
Suppose 0 = 2*q + q - 12, 132 = 4*t + 5*q. Calculate the highest common factor of t and 84.
28
Let x = -250 + 302. Let v(r) = r**2 + 3*r - 2. Let s be v(4). What is the highest common divisor of s and x?
26
Suppose 14 = 3*n - 5*g - 52, -5*g - 110 = -5*n. Let v(h) = 44*h**2 + h - 2. Let r be v(2). Calculate the greatest common divisor of r and n.
22
Let s be (-4 + -1)/(-1*1). Suppose -4*q - 14 + 93 = 3*i, 2*i = s*q + 91. Calculate the greatest common factor of i and 132.
33
Let w(h) be the first derivative of -h**2/2 - 2*h - 2. Let f be w(0). Let x be (-2)/(-1) - (-2 - f). Calculate the greatest common factor of x and 8.
2
Let a = 103 - 13. Calculate the greatest common divisor of a and 10.
10
Let u(o) = -32*o - 72. Let g be u(-7). What is the highest common factor of 19 and g?
19
Suppose -t = -5*o + 335, 0*o + 350 = 5*o - 4*t. Calculate the greatest common factor of o and 99.
33
Suppose -69 = -2*o + 4*w - 25, -2*o = 2*w - 38. Let h = o - -6. What is the greatest common factor of h and 39?
13
Let k be (1 - -3)*126/4. Suppose -12 = -5*p + 8. Suppose 3*z + k - 329 = -p*m, -5*m = -z - 249. Calculate the greatest common divisor of 10 and m.
10
Let c(q) = -30*q - 1. Let r be c(1). Let f(p) = 6*p + 40. Let a be f(-16). Let j = r - a. Calculate the highest common divisor of 175 and j.
25
Let t be (-3 + 1)/((-9)/63). What is the greatest common divisor of t and 14?
14
Let y(r) = r - 5. Let h be y(6). Let u be (19 + -3 + 1)*h. Calculate the greatest common factor of 136 and u.
17
Let q(a) = a**3 - 3*a**2 + 2*a + 2. Let v be q(3). Let g(m) = 0*m + v*m - m**2 + 0*m**2. Let p be g(5). Calculate the highest common divisor of 15 and p.
15
Let v(l) = 7*l**3 + 2*l**2 - 1. Let c be v(1). Calculate the greatest common factor of 8 and c.
8
Let y = 7 + 2. Let d(r) = -5*r + 2. Let m(i) = -14*i + 7. Let n(g) = 11*d(g) - 4*m(g). Let f be n(9). What is the greatest common factor of f and y?
3
Suppose 3*j + 2 = 4*j. Let f be 670/8 - j/(-8). Calculate the greatest common factor of 12 and f.
12
Let c be 4/(-2)*(-2 + 1). Let d be 508/14 + c/(-7). Let v = -2 + 6. What is the greatest common divisor of d and v?
4
Let g = 54 - -16. Calculate the highest common factor of 28 and g.
14
Suppose m - 4*b = -7, -2*m - 3*b = 3*m - 57. What is the greatest common divisor of m and 45?
9
Suppose 458 = 5*j - 62. Calculate the highest common divisor of 13 and j.
13
Let z(y) = 2*y**2 + 7*y - 2. Let w be z(-7). Suppose -w = -5*q + b + b, 5*q - b - 46 = 0. Calculate the greatest common factor of q and 27.
9
Let m be (-1)/(4/24*2). Let u be 24*(38/8 + m). Let v = -3 + 9. What is the highest common divisor of u and v?
6
Let i = 34 + -21. Suppose 0 = 5*n - 360 - 160. What is the highest common divisor of i and n?
13
Suppose 0 = -3*l - 2*s + 178, -2*s + 185 = 3*l - 7*s. Let u be (-1258)/(-22) + 10/(-55). Let n = -33 + u. What is the highest common factor of n and l?
12
Let g(n) = 3*n + 2. Let h be g(10). Let k be 3/(18/h)*3. What is the greatest common factor of k and 16?
16
Let x(v) = 68*v - 2. Let q be x(1). Calculate the greatest common factor of q and 33.
33
Let x be 0/4 + (0 - -6). Let t = 0 - x. Let q be 3/t - (-5)/2. Calculate the greatest common factor of 8 and q.
2
Let i(n) = 4*n**2 - n - 1. Let v be i(2). Calculate the greatest common factor of 143 and v.
13
Suppose 152 = 5*n - b, -n + 158 = 4*n - 4*b. Calculate the highest common factor of n and 45.
15
Let t be 3/2 - 2/(-4). Let h be (0 + 0)/((-2)/(-2)). Suppose h = -t*j + 71 - 11. What is the greatest common factor of j and 20?
10
Suppose d - 3 = -5*t - 0*d, -2*d = -t + 5. Suppose f = -5*w + 9, -4*w + w - 17 = -5*f. What is the highest common factor of t and w?
1
Let n(k) = 24*k**2 + k - 1. Let u be n(1). Let h = -99 - -105. What is the greatest common factor of h and u?
6
Suppose 3*v + 20 = m, v - 28 = 2*m - 3*m. What is the highest common factor of 286 and m?
26
Let z(x) = x - 8. Let l be z(14). Suppose 4*i + 138 = 5*k, -5*i + 5 = -k + 20. Calculate the highest common factor of k and l.
6
Let g(v) = 2*v**2 - 8*v + 6. Let r be g(5). Calculate the highest common factor of 112 and r.
16
Suppose -5*y = -y + 16. Let d = y + 4. Suppose d = 5*r - 4*c - 85, -4*c + 7 + 10 = r. What is the highest common divisor of r and 136?
17
Suppose n - 8 = -d, -d - 2 = -3*n + 6. Suppose 2*i - n*i = -154. Calculate the highest common factor of i and 11.
11
Let f = -5 + 10. Suppose 0*d + 3*d - 2*l = -4, 6 = -d - 4*l. Let w be (d/14)/(3/(-21)). What is the highest common factor of w and f?
1
Suppose -2*v = -3*v. Suppose v = 3*k - 31 - 8. Let i = k - 1. What is the greatest common factor of 60 and i?
12
Suppose 5 - 1 = 2*g, 5*f - 377 = 4*g. Let c(s) = -s**3 - s**2 - s + 11. Let r be c(0). Suppose 0 = -t + 2*t - r. What is the highest common divisor of f and t?
11
Let x = 55 + -29. Let g be 102 + -1 + (-15)/(-5). Calculate the greatest common divisor of x and g.
26
Suppose 3 - 13 = -o. Suppose 2*c = k - 4, 2*c + k = 1 + 3. Suppose -4*w = -5*t - c*w + 562, -3*t + 336 = -2*w. What is the highest common factor of t and o?
10
Suppose 2*g = 3*n - 2*g - 2, -5 = -3*n + g. Calculate the highest common divisor of n and 18.
2
Suppose -4*u = -5*z - 12 - 66, 2*z = -4*u + 92. Calculate the greatest common divisor of 11 and u.
11
Let y = 242 + -144. What is the greatest common divisor of y and 56?
14
Suppose r + 47 = 4*g - 23, 57 = 3*g - 3*r. Suppose 8*y - 4*y = 116. Suppose -22 = -3*b + y. Calculate the greatest common divisor of g and b.
17
Let o be 6/(3/6*4). Let y = 2 + o. What is the highest common factor of y and 10?
5
Suppose -5*q + 13 = i, -i = -4*q + 2*i - 1. Suppose -5*k = g - 23, g - 1 = -3. What is the highest common factor of q and k?
1
Let y = -14 - -22. Suppose -a - 5*n = -0 - 5, 3*a - 15 = -2*n. Suppose -134 = -a*i + 306. Calculate the